derivative of 23*s**2/2 + 117*s - 202. Give r(-5).
2
Let t(i) = 7*i**3 - 13*i**2 - 20*i + 38. Let p(r) = 15*r**3 - 27*r**2 - 44*r + 81. Let f(h) = -6*p(h) + 13*t(h). Give f(6).
-4
Let b(i) = -i**3 - 4*i**2 + 2*i + 5. Let o(j) = 81 + 2*j**2 + 9*j - j**3 + 2*j + 0*j - 12*j. Let g be o(0). Suppose 77 = d + g. Calculate b(d).
-3
Let y(t) = t**3 + 7*t**2 + t - 8. Let x(k) = k**3 - 5*k**2 - 5*k - 6. Let v be x(6). Suppose 0 = p, v = -0*b - b - p - 7. Calculate y(b).
-15
Let v = 14576 + -14576. Let m(p) be the second derivative of p**3/3 - 5*p**2/2 + 2*p. What is m(v)?
-5
Let m(u) be the first derivative of -2*u - 74 + 3*u**3 - 1/4*u**4 + 1/2*u**2. Determine m(9).
7
Suppose b - 183*o = -178*o - 12, -o - 27 = 4*b. Let r(q) = 6*q**2 + 7*q - 6. Let v(k) = -k**2 + 1. Let w(h) = -r(h) - 5*v(h). Determine w(b).
1
Suppose 4*w - z + 12 = 0, -5*w = -2*w - 5*z - 8. Let j = -4 - w. Let d(r) be the second derivative of -r**3/6 + r**2/2 + r. What is d(j)?
1
Suppose -3*u + 2*x + 32 = 0, -5*x = 3*u - x - 8. Let t(l) = 6*l**2 - u*l + 173*l**3 + 3 - 82*l**3 - 92*l**3. Give t(5).
-12
Let t(r) = 72*r - 2*r**3 - 150*r + r**3 + 87*r + 15 + 4*r**2 + 11. Calculate t(6).
8
Let j = -705 - -708. Suppose 4*k + j*f = -0*k, -4*k + 8 = 5*f. Let q(r) = -r**3 - 4*r**2 - 5*r - 2. Determine q(k).
4
Let d = 21 + -10. Suppose d*y - 10*y = 4. Suppose 5*w = n + 9, 3*w + 2*w - 14 = -y*n. Let f(a) = -a**3 + a**2 + 4*a - 3. Calculate f(w).
1
Let g(v) = -20 - v**3 + 0*v**2 + 4*v**2 + 1 + v**2 + 4. Calculate g(4).
1
Let v(h) = h + 9. Let r(f) = -f**3 + 16*f**2 + 36*f - 12. Let q be r(17). Let m = -311 + q. Give v(m).
9
Let n be (-76)/56*2 + (-13)/(819/18). Let x(i) = -i**3 + i**2 + 5*i - 5. What is x(n)?
16
Let z(f) be the second derivative of -f**4/12 - f**3/2 - 6*f**2 + 186*f - 3. What is z(-4)?
-16
Let o = -68 + 64. Let s(r) be the first derivative of r**3/3 + 2*r**2 - 2*r + 476. Calculate s(o).
-2
Let z(h) = -h + 3. Let p be z(4). Let q(l) = -3*l - 4. Let a be q(p). Let s(m) = -4*m - 155 - 129 + 283. Determine s(a).
3
Let k(h) = h**2 - 4*h + 3. Suppose -3*y - 564 = -552. What is k(y)?
35
Let x(t) = -28*t - 123. Let g be x(-7). Let b(n) = -70*n**2 - 1 + n**3 + 149*n**2 - g*n**2 + 6*n. Calculate b(-5).
-6
Let j(g) = 5*g**3 + 26*g**2 + 2*g - 20. Let q(b) = 3*b**3 + 17*b**2 + b - 13. Let y(a) = -5*j(a) + 8*q(a). Let f be 0*(10 + -9) + (-16)/(-4). Give y(f).
20
Let j(h) be the third derivative of h**5/20 + h**4/6 + h**3/6 - 5*h**2 + 5. Let c(f) = 11*f**2 + 12*f + 4. Let l(u) = -2*c(u) + 7*j(u). Determine l(3).
2
Let n = -31 - -13. Let i be 18/(-12) - n/(-4). Let p(v) be the third derivative of v**5/60 + 5*v**4/24 - 5*v**3/6 + v**2. What is p(i)?
1
Let j(f) be the first derivative of 2/3*f**3 + 0*f + 1/2*f**2 + 19. Suppose -20*a - 4 = -16*a. What is j(a)?
1
Let b(v) = v**2 + 5*v - 8. Let t be b(-7). Suppose 28 + 26 = -t*i. Let z(o) = -o**2 - 10*o - 13. Determine z(i).
-4
Let q be 2416/151 + 7*(1 + -2). Let h(c) = -c**2 + 11*c - 28. Determine h(q).
-10
Let a(p) = 0 + 1 - 3. Suppose -274 = 25*d + 189*d + 368. Let r(y) = -y + 1. Let l(g) = d*r(g) - 4*a(g). What is l(-6)?
-13
Suppose -p - 5 = 2*p + w, 0 = -4*p - 3*w. Let c(g) = -2*g + 0*g**2 - g**3 - 3 + 3*g - 3*g - 3*g**2. Determine c(p).
3
Suppose 6*y - 4*y + 5*a = -419, -3*y = a + 635. Let j = -208 - y. Let t(k) = -k**3 + 4*k**2 + k + 1. Give t(j).
5
Let m(a) = 20*a - 239*a**3 + 3 + 240*a**3 - 26*a - 4*a**2. Give m(6).
39
Let p(w) = -w**2 - 10*w - 15. Let a(m) = -3*m + 37. Let b(l) = -25*l - 84. Let o be b(-4). Let j be a(o). Give p(j).
-26
Let x(m) = -489*m**2 - 3*m + 239*m**2 + 15 - m - m**3 + 242*m**2. Calculate x(-5).
-40
Let u(r) be the second derivative of -14*r - r**3 - 6 - 11 - 11 + 25. Determine u(1).
-6
Let g(r) = -r**2 + 14*r - 25. Let w be g(10). Let v be 3/(w/(-25)) - -110. Let h = -102 + v. Let y(i) = i**3 - 2*i**2 - 4*i + 2. Calculate y(h).
-1
Let q be 2*((-58)/(-4) - 0/1). Let h be -12*(q/(-6) - -4)*9. Let f(l) = -3*l - 10*l**2 - 14 + 4*l + 91*l**3 + 4 - h*l**3. What is f(10)?
0
Let j(o) = -47*o + 320. Let w(t) = -26*t + 161. Let q(l) = -3*j(l) + 5*w(l). What is q(14)?
-1
Let p(l) = -l**2 - 26*l + 19 + 200*l - 84*l - 85*l. Give p(6).
13
Let v = 211 - 209. Let t(g) = -2*g**v + 4*g + g**2 + 418 - 416. Determine t(4).
2
Let v(n) be the second derivative of n**7/2520 + 7*n**6/720 - n**5/12 + n**4/2 + 2*n**2 + 89*n. Let m(l) be the third derivative of v(l). Determine m(-9).
8
Suppose -4*k + 16 + 2 = -3*g, k - 4*g - 11 = 0. Let t(j) = -63*j + 35*j + k - 1 + 29*j. Determine t(0).
2
Suppose 5*t = 32 + 8. Suppose 5*b = 3*b + t. Let w(h) be the first derivative of h**4/4 - h**3 - 3*h**2/2 + 2561. Calculate w(b).
4
Let k(p) = 3*p - 9. Let l be k(6). Let w(d) be the first derivative of d**3/3 - 13*d**2/2 - 67121. What is w(l)?
-36
Let i(z) = 3*z**2 + 9*z + 3. Let m(y) = 2*y**2 + 5*y + 2. Let l(j) = -3*i(j) + 5*m(j). Let c(f) = f**2 - 11*f - 2. Let a(s) = -c(s) + 2*l(s). Give a(-5).
-6
Suppose 31*i - 39*i - 294 = 41*i. Let l(q) = 13*q - 14*q - 7*q - q**2 - 3. Give l(i).
9
Let o(k) = -k**2 + 9*k - 10. Let c be o(7). Let r(h) be the first derivative of 3*h - 23 - 33 - 12 - h**2 - 22. Determine r(c).
-5
Let l(k) = k**3 - 8*k**2 + 9*k - 9. Let g be (14/4)/7*(-1 + 383). Let s = -184 + g. Give l(s).
5
Let o(d) = -350*d**2 - 5*d - 24. Let y(l) = 311*l**2 + 4*l + 23. Let q(z) = 8*o(z) + 9*y(z). Calculate q(4).
-17
Let b(m) be the second derivative of -m**4/2 - m**3/6 - 24*m**2 - 14*m + 4. Let r(c) be the first derivative of b(c). Calculate r(-1).
11
Let o(y) = -y**3 - 4*y**2 - 2*y - 3. Let f be o(-3). Let r(h) = -3*h - 12. Give r(f).
6
Let y(d) = -13*d + 3. Let q(r) = 245*r - 56. Suppose 31*z = 33*z + 112. Let u(g) = z*y(g) - 3*q(g). Give u(-1).
7
Let b(s) = s**3 - 24*s**2 + 34*s - 248. Let k be b(23). Let c(l) = -l**3 + 5*l**2 + 5*l. Calculate c(k).
25
Let j(y) be the first derivative of 7*y**2/2 - 3*y + 7. Suppose -23*i - 7 = -19*i + 5*t, -3*t - 5 = 2*i. What is j(i)?
11
Let m(d) be the third derivative of d**8/3360 - d**7/2520 - d**6/360 + 7*d**5/60 + 11*d**4/24 - 206*d**2. Let c(s) be the third derivative of m(s). Give c(2).
18
Let b(c) be the second derivative of c**5/5 - c**4/12 + c**3/3 - c**2 - 12*c - 75. What is b(1)?
3
Let b = 51 + -54. Let r be 2 - (0 - b)/((-39)/(-26)). Let k(m) = -2 + m**3 + m**2 + r*m**3 + 6 - 2. Give k(-2).
-2
Suppose -3*l - 5*j + 425 = -j, l = -5*j + 149. Let w(y) = l*y**2 + 9*y + y**3 + 140*y**2 - 27 - 267*y**2. What is w(-11)?
-5
Let k be (-1479)/(-18) - -8*(-6)/288. Let t(r) = 6*r - 2*r + 83*r**2 + 1 - k*r**2. Calculate t(-5).
6
Let g = 8083 - 8077. Let v be ((-4)/3)/((-10)/45). Let o(f) = v*f + 0 - 1 + 2*f - f**2. Give o(g).
11
Let a(v) be the third derivative of -v**6/40 + v**5/60 + v**4/24 - v**3/3 - v**2. Let t = 1053 + -1321. Let f be 14/4*t/469. Calculate a(f).
24
Let o(c) = -c. Let u(q) = -q**3 + 2*q**2 + q + 165. Let r be u(0). Let p = r - 132. Let z = p - 31. Calculate o(z).
-2
Let u(i) = -8*i**2 + 101*i - 60. Let w be u(12). Let n(p) = -16*p**2 - 5*p - 35. Let h(b) = 3*b**2 + b + 7. Let q(d) = -11*h(d) - 2*n(d). Determine q(w).
-7
Let t(x) = x - 3. Let j = 85 + -92. Let w(q) = -2*q + 5. Let c(y) = j*t(y) - 4*w(y). Give c(4).
5
Let m(u) = -2*u. Suppose -68 = 15*q - 38. Let o be (-9 - (-102)/12)*q. Give m(o).
-2
Let q = 655 + -665. Let v be q - (6/(-18))/(3/36). Let y(g) = -g**3 - 7*g**2 - 4*g - 1. Calculate y(v).
-13
Let n(h) be the third derivative of -h**5/24 - 17*h**3/3 - 41*h**2. Let r(k) be the first derivative of n(k). Let s = -34 - -33. Give r(s).
5
Let q be 250/(-150)*12/(-10) - 2. Let o(n) = -177*n - n**2 + 16 + 177*n. Calculate o(q).
16
Let k(u) = -118*u + 8 + 125*u - 19*u. Give k(4).
-40
Let b(l) = -3*l**2 - 7*l + 6. Let y(c) = c**2. Let t(d) = -b(d) - 4*y(d). Suppose -75 = -5*a + 5*j, 3*a + 9*j - 5*j = -18. Give t(a).
0
Let y(r) = 117*r**2 + 64*r**2 - 17 - 180*r**2 + 10*r. Determine y(-10).
-17
Let x(a) = -a**3 - 2*a**2 - 3*a + 2. Let c be ((-240)/38)/3 + (-12)/(-114). Calculate x(c).
8
Let y(s) = -s**2 + 6*s + 7. Let l(u) = -25*u + u**3 + 24 - 6*u - 16*u**2 + 13*u. Let r be l(17). Give y(r).
0
Let n(q) be the second derivative of -1/8*q**4 - 1/30*q**5 + 0 - 13/2*q**2 + 1/120*q**6 - 5*q - 2/3*q**3. Let s(b) be the first derivative of n(b). Give s(3).
-4
Suppose -481*p + 1439 = 134*p - 1021